{"id":121,"date":"2025-07-12T06:28:09","date_gmt":"2025-07-12T06:28:09","guid":{"rendered":"https:\/\/hidrotermenergy.com\/?page_id=121"},"modified":"2025-07-12T06:38:32","modified_gmt":"2025-07-12T06:38:32","slug":"automatizacija","status":"publish","type":"page","link":"https:\/\/hidrotermenergy.com\/?page_id=121","title":{"rendered":"Automatizacija"},"content":{"rendered":"<p>[et_pb_section fb_built=&#8221;1&#8243; next_background_color=&#8221;#ffffff&#8221; _builder_version=&#8221;4.27.4&#8243; _module_preset=&#8221;default&#8221; background_color=&#8221;#0C71C3&#8243; use_background_color_gradient=&#8221;on&#8221; background_color_gradient_stops=&#8221;#2b87da 0%|#2db6d8 99%&#8221; background_enable_image=&#8221;off&#8221; custom_padding=&#8221;||66px|||&#8221; bottom_divider_style=&#8221;waves&#8221; bottom_divider_style_tablet=&#8221;waves&#8221; bottom_divider_style_phone=&#8221;none&#8221; bottom_divider_style_last_edited=&#8221;on|phone&#8221; global_colors_info=&#8221;{}&#8221;][et_pb_row _builder_version=&#8221;4.27.4&#8243; _module_preset=&#8221;default&#8221; custom_padding=&#8221;63px|||||&#8221; global_colors_info=&#8221;{}&#8221;][et_pb_column type=&#8221;4_4&#8243; _builder_version=&#8221;4.27.4&#8243; _module_preset=&#8221;default&#8221; global_colors_info=&#8221;{}&#8221;][et_pb_text _builder_version=&#8221;4.27.4&#8243; _module_preset=&#8221;default&#8221; header_font=&#8221;|600|||||||&#8221; header_text_align=&#8221;center&#8221; header_text_color=&#8221;#FFFFFF&#8221; header_font_size=&#8221;50px&#8221; header_2_font=&#8221;|600|||||||&#8221; header_2_text_align=&#8221;center&#8221; header_2_text_color=&#8221;#FFFFFF&#8221; header_2_font_size=&#8221;35px&#8221; global_colors_info=&#8221;{}&#8221;][\/et_pb_text][\/et_pb_column][\/et_pb_row][\/et_pb_section][et_pb_section fb_built=&#8221;1&#8243; _builder_version=&#8221;4.27.4&#8243; _module_preset=&#8221;default&#8221; custom_padding=&#8221;20px||0px|||&#8221; global_colors_info=&#8221;{}&#8221;][et_pb_row _builder_version=&#8221;4.27.4&#8243; _module_preset=&#8221;default&#8221; global_colors_info=&#8221;{}&#8221;][et_pb_column type=&#8221;4_4&#8243; _builder_version=&#8221;4.27.4&#8243; _module_preset=&#8221;default&#8221; global_colors_info=&#8221;{}&#8221;][et_pb_text _builder_version=&#8221;4.27.4&#8243; _module_preset=&#8221;default&#8221; header_font=&#8221;|700|||||||&#8221; header_text_color=&#8221;#0c3b59&#8243; header_font_size=&#8221;50px&#8221; global_colors_info=&#8221;{}&#8221;]<\/p>\n<h1 style=\"text-align: center;\">Izrada ormara automatike<\/h1>\n<p>[\/et_pb_text][et_pb_text _builder_version=&#8221;4.27.4&#8243; _module_preset=&#8221;default&#8221; text_text_color=&#8221;#0c3b59&#8243; text_font_size=&#8221;16px&#8221; header_font=&#8221;|600|||||||&#8221; header_text_color=&#8221;#0c3b59&#8243; header_font_size=&#8221;40px&#8221; hover_enabled=&#8221;0&#8243; global_colors_info=&#8221;{}&#8221; sticky_enabled=&#8221;0&#8243;]<\/p>\n<p data-start=\"188\" data-end=\"400\">Na\u0161a firma pru\u017ea profesionalne usluge projektovanja, izrade i ugradnje <strong data-start=\"259\" data-end=\"280\">ormara automatike<\/strong> za razli\u010dite tehni\u010dke sisteme, uklju\u010duju\u0107i grijanje, hla\u0111enje, ventilaciju, bazenske sisteme i industrijsku automatiku.<\/p>\n<p data-start=\"402\" data-end=\"703\">Ormani automatike predstavljaju centralni dio svakog savremenog sistema upravljanja \u2013 omogu\u0107avaju kontrolu, nadzor i optimizaciju rada ure\u0111aja i instalacija. Svaki ormar je pa\u017eljivo projektovan u skladu sa specifi\u010dnostima objekta i zahtjevima korisnika, uz po\u0161tovanje svih va\u017ee\u0107ih standarda i propisa.<\/p>\n<p data-start=\"705\" data-end=\"732\"><strong data-start=\"705\" data-end=\"732\">Na\u0161e usluge obuhvataju:<\/strong><\/p>\n<ul data-start=\"733\" data-end=\"1032\">\n<li data-start=\"733\" data-end=\"794\">\n<p data-start=\"735\" data-end=\"794\">Projektovanje elektri\u010dnih \u0161ema i funkcionalnih logika rada,<\/p>\n<\/li>\n<li data-start=\"795\" data-end=\"906\">\n<p data-start=\"797\" data-end=\"906\">Izradu ormara sa kvalitetnim komponentama renomiranih proizvo\u0111a\u010da (Siemens, Schneider Electric, Eaton, itd.),<\/p>\n<\/li>\n<li data-start=\"907\" data-end=\"958\">\n<p data-start=\"909\" data-end=\"958\">Programiranje PLC i HMI ure\u0111aja, ako je potrebno,<\/p>\n<\/li>\n<li data-start=\"959\" data-end=\"997\">\n<p data-start=\"961\" data-end=\"997\">Testiranje i pu\u0161tanje u rad sistema,<\/p>\n<\/li>\n<li data-start=\"998\" data-end=\"1032\">\n<p data-start=\"1000\" data-end=\"1032\">Dokumentaciju i obuku korisnika.<\/p>\n<\/li>\n<\/ul>\n<p data-start=\"1034\" data-end=\"1085\">Ormari automatike koje izra\u0111ujemo primjenjuju se u:<\/p>\n<ul data-start=\"1086\" data-end=\"1318\">\n<li data-start=\"1086\" data-end=\"1173\">\n<p data-start=\"1088\" data-end=\"1173\">Sistemima <strong data-start=\"1098\" data-end=\"1117\">podnog grijanja<\/strong>, <strong data-start=\"1119\" data-end=\"1138\">toplotnih pumpi<\/strong>, <strong data-start=\"1140\" data-end=\"1154\">kotlovnica<\/strong> i <strong data-start=\"1157\" data-end=\"1172\">ventilacije<\/strong>,<\/p>\n<\/li>\n<li data-start=\"1174\" data-end=\"1255\">\n<p data-start=\"1176\" data-end=\"1255\">Automatizaciji <strong data-start=\"1191\" data-end=\"1212\">bazenskih sistema<\/strong> (regulacija temperature, pumpi, rasvjete),<\/p>\n<\/li>\n<li data-start=\"1256\" data-end=\"1318\">\n<p data-start=\"1258\" data-end=\"1318\">Industrijskim postrojenjima i tehni\u010dkim rje\u0161enjima po mjeri.<\/p>\n<\/li>\n<\/ul>\n<p data-start=\"1320\" data-end=\"1510\">Poseban akcenat stavljamo na <strong data-start=\"1349\" data-end=\"1402\">sigurnost, pouzdanost i jednostavnost upravljanja<\/strong>. Na\u0161i ormari automatike omogu\u0107avaju korisnicima maksimalnu kontrolu uz minimalnu potrebu za intervencijama.<\/p>\n<p data-start=\"1512\" data-end=\"1535\"><strong data-start=\"1512\" data-end=\"1535\">Za\u0161to izabrati nas?<\/strong><\/p>\n<ul data-start=\"1536\" data-end=\"1761\">\n<li data-start=\"1536\" data-end=\"1596\">\n<p data-start=\"1538\" data-end=\"1596\">Vi\u0161egodi\u0161nje iskustvo u automatizaciji razli\u010ditih sistema,<\/p>\n<\/li>\n<li data-start=\"1597\" data-end=\"1642\">\n<p data-start=\"1599\" data-end=\"1642\">Stru\u010dan i posve\u0107en tim in\u017eenjera i montera,<\/p>\n<\/li>\n<li data-start=\"1643\" data-end=\"1710\">\n<p data-start=\"1645\" data-end=\"1710\">Kori\u0161\u0107enje savremenih tehnologija i visokokvalitetnih materijala,<\/p>\n<\/li>\n<li data-start=\"1711\" data-end=\"1761\">\n<p data-start=\"1713\" data-end=\"1761\">Prilago\u0111ena rje\u0161enja po principu &#8220;klju\u010d u ruke&#8221;.<\/p>\n<\/li>\n<\/ul>\n<p data-start=\"1763\" data-end=\"1950\">Ukoliko vam je potrebna izrada novog ormara ili modernizacija postoje\u0107eg sistema automatike, <strong data-start=\"1856\" data-end=\"1877\">kontaktirajte nas<\/strong> \u2013 sa zadovoljstvom \u0107emo kreirati rje\u0161enje koje odgovara va\u0161im potrebama.<\/p>\n<p>[\/et_pb_text][\/et_pb_column][\/et_pb_row][et_pb_row _builder_version=&#8221;4.27.4&#8243; _module_preset=&#8221;default&#8221; use_custom_gutter=&#8221;on&#8221; gutter_width=&#8221;2&#8243; hover_enabled=&#8221;0&#8243; sticky_enabled=&#8221;0&#8243;][et_pb_column _builder_version=&#8221;4.27.4&#8243; _module_preset=&#8221;default&#8221; type=&#8221;4_4&#8243;][et_pb_gallery _builder_version=&#8221;4.27.4&#8243; _module_preset=&#8221;default&#8221; gallery_ids=&#8221;107,105,104,101,98,96,97&#8243; posts_number=&#8221;400&#8243; show_title_and_caption=&#8221;off&#8221; show_pagination=&#8221;off&#8221; hover_enabled=&#8221;0&#8243; sticky_enabled=&#8221;0&#8243;][\/et_pb_gallery][\/et_pb_column][\/et_pb_row][\/et_pb_section][et_pb_section fb_built=&#8221;1&#8243; _builder_version=&#8221;4.27.4&#8243; _module_preset=&#8221;default&#8221; custom_padding=&#8221;30px|||||&#8221; global_colors_info=&#8221;{}&#8221;][\/et_pb_section][et_pb_section fb_built=&#8221;1&#8243; _builder_version=&#8221;4.27.4&#8243; _module_preset=&#8221;default&#8221; background_image=&#8221;https:\/\/hidrotermenergy.com\/wp-content\/uploads\/2025\/07\/pool-services-3-gtr-7q.jpeg&#8221; global_module=&#8221;56&#8243; saved_tabs=&#8221;all&#8221; global_colors_info=&#8221;{}&#8221;][et_pb_row _builder_version=&#8221;4.27.4&#8243; _module_preset=&#8221;default&#8221; global_colors_info=&#8221;{}&#8221;][et_pb_column type=&#8221;4_4&#8243; _builder_version=&#8221;4.27.4&#8243; _module_preset=&#8221;default&#8221; global_colors_info=&#8221;{}&#8221;][et_pb_cta title=&#8221;POZOVITE NAS&#8221; _builder_version=&#8221;4.27.4&#8243; _module_preset=&#8221;default&#8221; header_font=&#8221;|700|||||||&#8221; header_font_size=&#8221;40px&#8221; body_font=&#8221;|600|||||||&#8221; body_font_size=&#8221;25px&#8221; background_color=&#8221;rgba(0,0,0,0.29)&#8221; global_colors_info=&#8221;{}&#8221;]<\/p>\n<p>UVJERITE SE U KVALITET NA\u0160IH INSTALCIJA I OPREME<\/p>\n<p>069 441080 i 069 358 130<\/p>\n<p>&nbsp;<\/p>\n<p>[\/et_pb_cta][\/et_pb_column][\/et_pb_row][\/et_pb_section]<\/p>\n","protected":false},"excerpt":{"rendered":"<p>Izrada ormara automatikeNa\u0161a firma pru\u017ea profesionalne usluge projektovanja, izrade i ugradnje ormara automatike za razli\u010dite tehni\u010dke sisteme, uklju\u010duju\u0107i grijanje, hla\u0111enje, ventilaciju, bazenske sisteme i industrijsku automatiku. Ormani automatike predstavljaju centralni dio svakog savremenog sistema upravljanja \u2013 omogu\u0107avaju kontrolu, nadzor i optimizaciju rada ure\u0111aja i instalacija. Svaki ormar je pa\u017eljivo projektovan u skladu sa specifi\u010dnostima objekta [&hellip;]<\/p>\n","protected":false},"author":1,"featured_media":0,"parent":0,"menu_order":0,"comment_status":"closed","ping_status":"closed","template":"","meta":{"_et_pb_use_builder":"on","_et_pb_old_content":"","_et_gb_content_width":"","footnotes":""},"class_list":["post-121","page","type-page","status-publish","hentry"],"_links":{"self":[{"href":"https:\/\/hidrotermenergy.com\/index.php?rest_route=\/wp\/v2\/pages\/121","targetHints":{"allow":["GET"]}}],"collection":[{"href":"https:\/\/hidrotermenergy.com\/index.php?rest_route=\/wp\/v2\/pages"}],"about":[{"href":"https:\/\/hidrotermenergy.com\/index.php?rest_route=\/wp\/v2\/types\/page"}],"author":[{"embeddable":true,"href":"https:\/\/hidrotermenergy.com\/index.php?rest_route=\/wp\/v2\/users\/1"}],"replies":[{"embeddable":true,"href":"https:\/\/hidrotermenergy.com\/index.php?rest_route=%2Fwp%2Fv2%2Fcomments&post=121"}],"version-history":[{"count":3,"href":"https:\/\/hidrotermenergy.com\/index.php?rest_route=\/wp\/v2\/pages\/121\/revisions"}],"predecessor-version":[{"id":133,"href":"https:\/\/hidrotermenergy.com\/index.php?rest_route=\/wp\/v2\/pages\/121\/revisions\/133"}],"wp:attachment":[{"href":"https:\/\/hidrotermenergy.com\/index.php?rest_route=%2Fwp%2Fv2%2Fmedia&parent=121"}],"curies":[{"name":"wp","href":"https:\/\/api.w.org\/{rel}","templated":true}]}}